 = 18033 - 12823. What is the tens digit of o?
1
Let o = -34 + 36. Suppose 0*p + 11 = 2*p - j, -o*p = 4*j - 26. Suppose -112 = p*b - 315. What is the units digit of b?
9
Suppose 19*t = -14*t + 10*t + 87515. What is the thousands digit of t?
3
Let o = 72118 + -19512. What is the tens digit of o?
0
Let s(j) be the third derivative of -37*j**6/30 - 2*j**2. Suppose 238 = -9*h + 229. What is the units digit of s(h)?
8
Suppose -r = -10*n + 60759, -4*r + 30384 = -11*n + 16*n. What is the units digit of n?
6
Suppose 5*z + 4*p = -0*z + 2671, -2*z + 1074 = 3*p. Let b = z + -257. What is the hundreds digit of b?
2
Let m be -14*-4*(-1)/2. Let c(t) = -8*t + 111. What is the units digit of c(m)?
5
Let m = -22 + 41. Suppose -23*h + m*h = -5204. What is the units digit of h?
1
Suppose 5*q - 23 = 52. Suppose q*d - 33*d = -7254. What is the tens digit of d?
0
Suppose 720*k + 296800 = 755*k. What is the hundreds digit of k?
4
Let n(g) = 122*g - 58. Let m be n(-6). Let q = m - -1337. What is the hundreds digit of q?
5
Suppose 3 = -o + q, 5*q - 6 = -6*o + 2*o. Let z be 21 + (16/(-4) - o). What is the units digit of ((-179)/3 - 0)/((-6)/z)?
9
Let o(g) = -30*g - 87. Let j be o(-21). Let s = j + -310. What is the hundreds digit of s?
2
Let g(k) = 6 - 3 + 16 + 0 + 5 + 463*k. What is the hundreds digit of g(3)?
4
What is the thousands digit of ((-141)/(-141))/((-2)/(-19606))?
9
Let d be 155 + (-2)/((-4)/(-2)). Let r be (((-1)/3)/(-1))/(13 - 95152/7320). Let c = r - d. What is the units digit of c?
1
Let v(u) = -14*u + 1. Suppose 2*h + 3*j - 6*j = 11, 2*h + j + 9 = 0. Let l be v(h). Let t = l - -167. What is the tens digit of t?
9
Suppose -2*b - 5*i = -20958, 0*b - i + 10473 = b. What is the tens digit of b?
6
Let c(o) = 40*o**2 - 2*o - 1. Let m be c(-1). Let f = -4687 - -4731. Let i = f - m. What is the units digit of i?
3
Suppose 8*z - 5 = 19. Suppose -u + 0*u = 4*o - 1073, -4*o - 3155 = -z*u. What is the hundreds digit of u?
0
Let c = 90 - 4. Suppose 2*k - 1 = 3*k. What is the units digit of c + (0 + k - -3)?
8
Suppose -3*h + 4*r - 44 = 0, h - 2*r = -3*h - 42. Let f be 16/(-64) - (-2 - (-1330)/h). Let o = -85 + f. What is the units digit of o?
3
Let f(l) = -15053*l - 68. What is the tens digit of f(-1)?
8
What is the ten thousands digit of ((5590150/20)/(-23))/((-35)/84)?
2
Let h = 11 + 8. Let b = h - 59. Let q = b - -79. What is the units digit of q?
9
Suppose -a + 384 = -2*d, 4*a + 0*a = 2*d + 396. Let t(s) = -10*s**3 - 17*s + 3. Let c be t(3). Let b = d - c. What is the tens digit of b?
2
Let g = -54374 - -112153. What is the ten thousands digit of g?
5
Let i be 9 - ((-1 - -5) + -1). Let y(c) = -c + 11. Let p be y(i). Suppose 4*h - 481 = p*u, 3*h - 4*h + 134 = -4*u. What is the units digit of h?
4
Let p(t) = -28*t + 1. Let h be p(-1). Let m = -1702 - -1700. What is the tens digit of m/(2*(-1)/3)*h?
8
Suppose 2*l = 3*x - 3*l - 52681, -35130 = -2*x + l. What is the units digit of x?
7
Suppose 37282*c + 820607 = 37299*c. What is the hundreds digit of c?
2
What is the tens digit of (9768875/(-40))/(-31) + (-2)/16?
7
Suppose 0 = -9*h - 21 - 60. Let s(a) = a**3 + 9*a**2 - a - 9. Let t be s(h). Suppose z = 0, t = -3*o + z + 2*z + 99. What is the units digit of o?
3
Let k = 11688 + 8322. What is the tens digit of k?
1
Let r be 2/(14/(-3) + 4). Let o be (-103)/r*(2 - -28). Suppose -3*w - 7*w + o = 0. What is the tens digit of w?
0
Let t be 2 + 2/((-2)/(-1)). Suppose -p + 18 = 3*u, -110 = -5*p + 2*u + t*u. Suppose -c + 4*c = p. What is the units digit of c?
7
Suppose -7*w + 25 = 130. Let f be ((-1096)/20)/(6/w). Suppose -5*a - 7*z + 145 = -3*z, -4*a + f = -z. What is the units digit of a?
3
Suppose 7*b - 9*b + 4 = 0. Suppose -b*g - 2*v + 140 = -134, -4*g + 3*v = -569. What is the hundreds digit of g?
1
Suppose -3*w - 56120 = -5*x, -w = 3*x - 47752 + 14080. What is the tens digit of x?
2
Let z(u) = u**2 + 7*u - 7. Let v be z(-9). Suppose 0 = -v*y + 10*y + 1660. What is the tens digit of y?
6
Suppose -9*x = 4659 - 17718. Suppose x - 247 = 7*p. What is the hundreds digit of p?
1
Let f be (2*9/(-12))/(3/(-4)). Suppose 0 = 5*j + p - 962, -392 = f*j - 4*j + 2*p. What is the hundreds digit of j?
1
Let m(s) = s**2 + 48*s - 326. Suppose -13*y + 156 = -7*y. What is the thousands digit of m(y)?
1
Let j be (-38)/10 - (-5)/(150/(-6)). Let a be ((-2)/1 - j)*1. Suppose 0 = -h - a*f - 3*f + 302, 0 = -2*h + f + 571. What is the hundreds digit of h?
2
What is the hundreds digit of (1/15*-5)/(2/(-19836))?
3
Let i(s) = -s**3 - s**2 + 19*s + 3586. What is the tens digit of i(0)?
8
Let t(q) = 2*q - 2. Let a be t(2). Suppose 15 = w + 3*l, 2*w + a*l = -2*w + 20. Let c = 32 - w. What is the tens digit of c?
2
Let w(y) = 5*y**2 + 124*y - 287. What is the tens digit of w(-35)?
9
Let h be (36 + -1)/(-4 - (-58)/14). Let a = 43 + h. What is the tens digit of a?
8
Suppose 0 = -7*h + h - 312. Let u = 115 + h. Suppose 4*s = 5*x + 21 + 22, -5*s - 3*x = -u. What is the tens digit of s?
1
Let l(a) = 2*a + 284*a - 9 - 67*a - 2. What is the hundreds digit of l(8)?
7
Suppose 578*m = 581*m + 5*x - 31162, 4*m = -3*x + 41564. What is the units digit of m?
4
Let u(j) = -11*j**3 - j**2 + 5*j + 2. Let t be (1/2)/(3/(-30)*-1). Suppose -5*w - o + t = 4*o, 2*o = 3*w + 12. What is the tens digit of u(w)?
7
Let z(c) = 24*c**3 - c**2 - 3*c - 8. Let p be z(4). Suppose -36*b + p = -32*b. What is the tens digit of b?
7
What is the tens digit of (-740)/111*(114/(-5) + 0)?
5
Suppose 117*b - 1384136 = 4192903. What is the units digit of b?
7
Let i be 160/85 + 4 - (-2)/17. Suppose -18*n + 21*n + 3*w = 2193, -2*w = i. What is the units digit of n?
4
Suppose 44*l - l = -24*l + 1562440. What is the ten thousands digit of l?
2
Let v(w) = 114*w**3 + 2*w**2 - 3*w - 3. Let z be v(2). Let b = z - 663. What is the tens digit of b?
4
Suppose -5*j - 1969 = 2021. Let s = j + 1362. What is the tens digit of s?
6
Let a be 1 - 1 - (1 - 3). Let q(c) be the second derivative of 13*c**4/12 - c**3/6 + 2*c**2 + 104*c - 2. What is the units digit of q(a)?
4
Let s = 2861 + -1733. Suppose 2*o - 3*o = 5*m - 181, -3*m + 4*o + 104 = 0. What is the units digit of 4/6 + s/m?
2
Suppose 5*u + 5*v = 30840, -4*u + 935*v + 24667 = 940*v. What is the tens digit of u?
7
Let t = -625 + 625. Suppose -21*v + 4*n - 2682 = -24*v, -3*v + 3*n + 2682 = t. What is the tens digit of v?
9
Let v(d) = d**3 - 23*d**2 + 7*d + 82. Let g be v(24). Suppose -534 = -2*j - 4*q - 0*q, -3*j = q - g. What is the hundreds digit of j?
2
Let s = -614 + 619. Suppose 5*n + 7061 + 314 = s*b, -2*b + 3*n = -2945. What is the thousands digit of b?
1
Let d(s) = -2*s + 19. Let x be d(5). Suppose 0 = -0*j + j - 3*o, -2*j - 3*o + x = 0. Suppose -93 = j*q - 240. What is the tens digit of q?
4
Suppose 0 = 3*g + o - 0*o - 333, -5*o = 2*g - 222. Suppose -107*b + g*b = 3924. What is the units digit of b?
1
Let h(f) be the second derivative of -f**3/6 + 5*f**2/2 - 11*f. Let a be h(2). Suppose k - 3*r = 3, -5*k + k + 12 = -a*r. What is the units digit of k?
3
Let z = 1659 - -8947. What is the tens digit of z?
0
Let f(x) be the first derivative of 7*x**4/12 + 2*x**3/3 + 3*x**2/2 + 37*x - 31. Let v(p) be the first derivative of f(p). What is the tens digit of v(6)?
7
Suppose m + 18 = -2*a, -2*m - 36 = 3*a - 5*m. Let t(l) = 2*l**3 + 20*l**2 + 12. What is the units digit of t(a)?
2
Suppose 0 = 3*p - 2*p - 2*m - 343, 0 = 4*p - m - 1407. Let y = 226 + p. What is the tens digit of y?
7
Let b(q) = -q**2 - 24*q + 62. Let t be b(-26). What is the hundreds digit of (1050 + t)*6/15?
4
Let f(t) = 12 + 62*t - 1 - 57*t + 25*t**2. What is the hundreds digit of f(-3)?
2
Let o be 8*8739/216*(0 - 6). Let a = -1188 - o. What is the hundreds digit of a?
7
Let u be (9 + -2)*(-45)/(-3). Suppose -3*l + 249 = l - 5*k, 0 = 4*k + 20. Let d = u - l. What is the units digit of d?
9
Let q = 708 + -48. Suppose -6*d + q = -3*d. What is the hundreds digit of d?
2
Suppose 39*n + 51406 = 6*g + 43*n, 0 = -2*g + 5*n + 17091. What is the units digit of g?
3
Suppose -k + 3*p + 751 = 0, k = -2*p - 0*p + 751. What is the tens digit of k - (2 - (6 + -4 + -4))?
4
Suppose 2*w - 2*c + 4 = 0, 4*w - 16*c - 7 = -15*c. Suppose 17*b + w*b = 11360. What is the hundreds digit of b?
5
Let a = 392 - 393. Let o(s) = 554*s**2 + 3*s + 1. What is the tens digi